{"id":1132,"date":"2024-10-05T15:32:44","date_gmt":"2024-10-05T15:32:44","guid":{"rendered":"https:\/\/www.alicjalesniak.pl\/?page_id=1132"},"modified":"2024-10-05T16:08:56","modified_gmt":"2024-10-05T16:08:56","slug":"niech-ten-sen-trwa-polki-niepokonane-w-lidze-narodow-lider","status":"publish","type":"page","link":"https:\/\/www.alicjalesniak.pl\/index.php\/niech-ten-sen-trwa-polki-niepokonane-w-lidze-narodow-lider\/","title":{"rendered":"Niech ten sen trwa! Polki niepokonane w Lidze Narod\u00f3w, lider"},"content":{"rendered":"\t\t<div data-elementor-type=\"wp-page\" data-elementor-id=\"1132\" class=\"elementor elementor-1132\">\n\t\t\t\t\t\t<section class=\"elementor-section elementor-top-section elementor-element elementor-element-9860ff7 elementor-section-boxed elementor-section-height-default elementor-section-height-default\" data-id=\"9860ff7\" data-element_type=\"section\" data-e-type=\"section\">\n\t\t\t\t\t\t<div class=\"elementor-container elementor-column-gap-default\">\n\t\t\t\t\t<div class=\"elementor-column elementor-col-100 elementor-top-column elementor-element elementor-element-997b1ba\" data-id=\"997b1ba\" data-element_type=\"column\" data-e-type=\"column\" data-settings=\"{&quot;background_background&quot;:&quot;classic&quot;}\">\n\t\t\t<div class=\"elementor-widget-wrap elementor-element-populated\">\n\t\t\t\t\t<div class=\"elementor-background-overlay\"><\/div>\n\t\t\t\t\t\t<div class=\"elementor-element elementor-element-d9e9976 elementor-widget elementor-widget-text-editor\" data-id=\"d9e9976\" data-element_type=\"widget\" data-e-type=\"widget\" data-widget_type=\"text-editor.default\">\n\t\t\t\t<div class=\"elementor-widget-container\">\n\t\t\t\t\t\t\t\t\t<h2 class=\"text-[2.5rem] leading-[50px] font-bold\" title=\"Niech ten sen trwa! Polki niepokonane w Lidze Narod\u00f3w, lider\">Niech ten sen trwa! Polki niepokonane w Lidze Narod\u00f3w, lider<\/h2>\t\t\t\t\t\t\t\t<\/div>\n\t\t\t\t<\/div>\n\t\t\t\t\t<\/div>\n\t\t<\/div>\n\t\t\t\t\t<\/div>\n\t\t<\/section>\n\t\t\t\t<section class=\"elementor-section elementor-top-section elementor-element elementor-element-8df069b elementor-section-boxed elementor-section-height-default elementor-section-height-default\" data-id=\"8df069b\" data-element_type=\"section\" data-e-type=\"section\">\n\t\t\t\t\t\t<div class=\"elementor-container elementor-column-gap-default\">\n\t\t\t\t\t<div class=\"elementor-column elementor-col-100 elementor-top-column elementor-element elementor-element-9e001c3\" data-id=\"9e001c3\" data-element_type=\"column\" data-e-type=\"column\">\n\t\t\t<div class=\"elementor-widget-wrap elementor-element-populated\">\n\t\t\t\t\t\t<div class=\"elementor-element elementor-element-06a19bc elementor-widget elementor-widget-text-editor\" data-id=\"06a19bc\" data-element_type=\"widget\" data-e-type=\"widget\" data-widget_type=\"text-editor.default\">\n\t\t\t\t<div class=\"elementor-widget-container\">\n\t\t\t\t\t\t\t\t\t<p><span style=\"font-family: 'Fira Sans', Arial, Helvetica, sans-serif; font-size: 20px; font-weight: bold;\">Siatkarki reprezentacji Polski nie przestaj\u0105 zaskakiwa\u0107. Podopieczne Stefano Lavariniego pokona\u0142y 3:1 (29:27, 25:22, 20:25, 25:23) reprezentacj\u0119 Stan\u00f3w Zjednoczonych, ko\u0144cz\u0105c tym samym drugi turniej tegorocznej Ligi Narod\u00f3w z kompletem zwyci\u0119stw. Polki pozostaj\u0105 dzi\u0119ki temu na fotelu lidera rozgrywek.<\/span><\/p>\t\t\t\t\t\t\t\t<\/div>\n\t\t\t\t<\/div>\n\t\t\t\t\t<\/div>\n\t\t<\/div>\n\t\t\t\t\t<\/div>\n\t\t<\/section>\n\t\t\t\t<section class=\"elementor-section elementor-top-section elementor-element elementor-element-eb9aa5a elementor-section-boxed elementor-section-height-default elementor-section-height-default\" data-id=\"eb9aa5a\" data-element_type=\"section\" data-e-type=\"section\">\n\t\t\t\t\t\t<div class=\"elementor-container elementor-column-gap-default\">\n\t\t\t\t\t<div class=\"elementor-column elementor-col-100 elementor-top-column elementor-element elementor-element-f3eb928\" data-id=\"f3eb928\" data-element_type=\"column\" data-e-type=\"column\">\n\t\t\t<div class=\"elementor-widget-wrap elementor-element-populated\">\n\t\t\t\t\t\t<div class=\"elementor-element elementor-element-abf721a elementor-widget elementor-widget-image\" data-id=\"abf721a\" data-element_type=\"widget\" data-e-type=\"widget\" data-widget_type=\"image.default\">\n\t\t\t\t<div class=\"elementor-widget-container\">\n\t\t\t\t\t\t\t\t\t\t\t\t<figure class=\"wp-caption\">\n\t\t\t\t\t\t\t\t\t\t<img fetchpriority=\"high\" decoding=\"async\" width=\"944\" height=\"531\" src=\"https:\/\/www.alicjalesniak.pl\/wp-content\/uploads\/2024\/10\/polki-pokonaly-amerykanki.avif\" class=\"attachment-large size-large wp-image-1137\" alt=\"\" srcset=\"https:\/\/www.alicjalesniak.pl\/wp-content\/uploads\/2024\/10\/polki-pokonaly-amerykanki.avif 944w, https:\/\/www.alicjalesniak.pl\/wp-content\/uploads\/2024\/10\/polki-pokonaly-amerykanki-300x169.avif 300w, https:\/\/www.alicjalesniak.pl\/wp-content\/uploads\/2024\/10\/polki-pokonaly-amerykanki-768x432.avif 768w\" sizes=\"(max-width: 944px) 100vw, 944px\" \/>\t\t\t\t\t\t\t\t\t\t\t<figcaption class=\"widget-image-caption wp-caption-text\">Foto: Volleyball World<\/figcaption>\n\t\t\t\t\t\t\t\t\t\t<\/figure>\n\t\t\t\t\t\t\t\t\t<\/div>\n\t\t\t\t<\/div>\n\t\t\t\t\t<\/div>\n\t\t<\/div>\n\t\t\t\t\t<\/div>\n\t\t<\/section>\n\t\t\t\t<section class=\"elementor-section elementor-top-section elementor-element elementor-element-b74c527 elementor-section-boxed elementor-section-height-default elementor-section-height-default\" data-id=\"b74c527\" data-element_type=\"section\" data-e-type=\"section\">\n\t\t\t\t\t\t<div class=\"elementor-container elementor-column-gap-default\">\n\t\t\t\t\t<div class=\"elementor-column elementor-col-100 elementor-top-column elementor-element elementor-element-4f56738\" data-id=\"4f56738\" data-element_type=\"column\" data-e-type=\"column\">\n\t\t\t<div class=\"elementor-widget-wrap elementor-element-populated\">\n\t\t\t\t\t\t<div class=\"elementor-element elementor-element-d5ce2c4 elementor-widget elementor-widget-text-editor\" data-id=\"d5ce2c4\" data-element_type=\"widget\" data-e-type=\"widget\" data-widget_type=\"text-editor.default\">\n\t\t\t\t<div class=\"elementor-widget-container\">\n\t\t\t\t\t\t\t\t\t<p style=\"font-style: normal; border-style: solid; margin-bottom: 1.25rem; font-size: 1.125rem; line-height: 30px; overflow-wrap: anywhere; font-family: 'Fira Sans', Arial, Helvetica, sans-serif;\">Sobotnie spotkanie w wype\u0142nionej po brzegi hali w Arlington Bia\u0142o-Czerwone otworzy\u0142y od asa serwisowego Joanny Wo\u0142osz.<\/p><p style=\"font-style: normal; border-style: solid; margin-bottom: 1.25rem; font-size: 1.125rem; line-height: 30px; overflow-wrap: anywhere; font-family: 'Fira Sans', Arial, Helvetica, sans-serif;\">Mimo bardzo dobrej zagrywki Polek reprezentantki Stan\u00f3w Zjednoczonych utrzymywa\u0142y wystarczaj\u0105co dobre przyj\u0119cie, dzi\u0119ki czemu mog\u0142y regularnie wyprowadza\u0107 niezwykle szybkie i skuteczne akcje ze skrzyde\u0142 (46 proc. skuteczno\u015bci).<\/p><p style=\"font-style: normal; border-style: solid; margin-bottom: 1.25rem; font-size: 1.125rem; line-height: 30px; overflow-wrap: anywhere; font-family: 'Fira Sans', Arial, Helvetica, sans-serif;\"><span style=\"font-size: 18px;\">Cierpliwa gra Polek w asekuracji i w kontrataku zaprocentowa\u0142a jednak czteropunktow\u0105 przewag\u0105 (12:8) ju\u017c w pocz\u0105tkowej fazie seta. Cho\u0107 Amerykanki odda\u0142y nam w inauguracyjnej ods\u0142onie a\u017c dziewi\u0119\u0107 oczek i cho\u0107 podopieczne Stefano Lavariniego prowadzi\u0142y 24:22, to gospodynie zdo\u0142a\u0142y doprowadzi\u0107 do gry na przewagi. Ostatecznie niezwykle wyr\u00f3wnany i emocjonuj\u0105cy set pad\u0142 \u0142upem polskiej ekipy.<\/span><\/p><p style=\"font-style: normal; border-style: solid; margin-bottom: 1.25rem; font-size: 1.125rem; line-height: 30px; overflow-wrap: anywhere; font-family: 'Fira Sans', Arial, Helvetica, sans-serif;\"><span style=\"font-size: 18px;\">Zaskoczone pora\u017ck\u0105 w premierowej partii Amerykanki poprawi\u0142y w drugim secie przede wszystkim dok\u0142adno\u015b\u0107 przyj\u0119cia (z 38. na 48 proc.), dok\u0142adaj\u0105c r\u00f3wnie\u017c cztery punktowe bloki. Gospodynie mia\u0142y jednak problem z ko\u0144czeniem akcji po negatywnym przyj\u0119ciu (38 proc. skuteczno\u015bci). W tym elemencie znacznie lepsze by\u0142y natomiast Bia\u0142o-Czerwone (57 proc.), dzi\u0119ki czemu ponownie w samej ko\u0144c\u00f3wce zdo\u0142a\u0142y przechyli\u0107 szal\u0119 zwyci\u0119stwa na swoj\u0105 korzy\u015b\u0107.<\/span><span style=\"font-size: 18px;\"><br \/><\/span><\/p><p style=\"font-style: normal; border-style: solid; margin-bottom: 1.25rem; font-size: 1.125rem; line-height: 30px; overflow-wrap: anywhere; font-family: 'Fira Sans', Arial, Helvetica, sans-serif;\">W trzeciej ods\u0142onie fenomenalnie graj\u0105cym Polkom pod wodz\u0105 Magdaleny Stysiak (19 pkt) tym razem nie uda\u0142o si\u0119 zatrzyma\u0107 pogoni punktowej rywalek w decyduj\u0105cej fazie seta. Sukces nadszed\u0142 jednak nied\u0142ugo po tym, gdy\u017c po heroicznej walce i dzi\u0119ki olbrzymiej cierpliwo\u015bci w czwartej partii podopieczne Lavariniego postawi\u0142y kropk\u0119 nad i, zapisuj\u0105c na swoim koncie ju\u017c \u00f3sme zwyci\u0119stwo z rz\u0119du.<span style=\"text-align: center; font-size: 1rem;\">\u00a0<\/span><\/p><p style=\"font-style: normal; border-style: solid; margin-bottom: 1.25rem; font-size: 1.125rem; line-height: 30px; overflow-wrap: anywhere; font-family: 'Fira Sans', Arial, Helvetica, sans-serif;\">Bia\u0142o-Czerwone czeka teraz wyjazd do Hongkongu, gdzie 12 czerwca rozpoczn\u0105 zmagania w trzecim turnieju VNL. Ich pierwszym rywalem b\u0119dzie reprezentacja Brazylii, kt\u00f3ra z kompletem zwyci\u0119stw zajmuje aktualnie drug\u0105 lokat\u0119 w tabeli Ligi Narod\u00f3w.<\/p><p style=\"font-style: normal; border-style: solid; margin-bottom: 1.25rem; font-size: 1.125rem; line-height: 30px; overflow-wrap: anywhere;\"><strong><span style=\"border: 0px solid; --tw-border-spacing-x: 0; --tw-border-spacing-y: 0; --tw-translate-x: 0; --tw-translate-y: 0; --tw-rotate: 0; --tw-skew-x: 0; --tw-skew-y: 0; --tw-scale-x: 1; --tw-scale-y: 1; --tw-scroll-snap-strictness: proximity; --tw-ring-offset-width: 0px; --tw-ring-offset-color: #fff; --tw-ring-color: rgba(59,130,246,.5); --tw-ring-offset-shadow: 0 0 #0000; --tw-ring-shadow: 0 0 #0000; --tw-shadow: 0 0 #0000; --tw-shadow-colored: 0 0 #0000;\">POLSKA \u2014 USA 3:1\u00a0<\/span>(29:27, 25:22, 20:25, 25:23)<\/strong><\/p><p style=\"font-style: normal; border-style: solid; margin-bottom: 1.25rem; font-size: 1.125rem; line-height: 30px; overflow-wrap: anywhere;\"><strong><span style=\"border: 0px solid; --tw-border-spacing-x: 0; --tw-border-spacing-y: 0; --tw-translate-x: 0; --tw-translate-y: 0; --tw-rotate: 0; --tw-skew-x: 0; --tw-skew-y: 0; --tw-scale-x: 1; --tw-scale-y: 1; --tw-scroll-snap-strictness: proximity; --tw-ring-offset-width: 0px; --tw-ring-offset-color: #fff; --tw-ring-color: rgba(59,130,246,.5); --tw-ring-offset-shadow: 0 0 #0000; --tw-ring-shadow: 0 0 #0000; --tw-shadow: 0 0 #0000; --tw-shadow-colored: 0 0 #0000;\">POLSKA:<\/span><\/strong>\u00a0Wo\u0142osz 1, \u0141ukasik 14, Jurczyk 8, Stysiak 27, M\u0119drzyk 12, Alagierska 8 oraz Szczyg\u0142owska (l), Wenerska, Smarzek 2, Piasecka.\u00a0<span style=\"border: 0px solid; --tw-border-spacing-x: 0; --tw-border-spacing-y: 0; --tw-translate-x: 0; --tw-translate-y: 0; --tw-rotate: 0; --tw-skew-x: 0; --tw-skew-y: 0; --tw-scale-x: 1; --tw-scale-y: 1; --tw-scroll-snap-strictness: proximity; --tw-ring-offset-width: 0px; --tw-ring-offset-color: #fff; --tw-ring-color: rgba(59,130,246,.5); --tw-ring-offset-shadow: 0 0 #0000; --tw-ring-shadow: 0 0 #0000; --tw-shadow: 0 0 #0000; --tw-shadow-colored: 0 0 #0000;\"><strong>Trener:<\/strong>\u00a0<\/span>Stefano Lavarini.<\/p><p style=\"font-style: normal; border-style: solid; margin-bottom: 1.25rem; font-size: 1.125rem; line-height: 30px; overflow-wrap: anywhere;\"><strong><span style=\"border: 0px solid; --tw-border-spacing-x: 0; --tw-border-spacing-y: 0; --tw-translate-x: 0; --tw-translate-y: 0; --tw-rotate: 0; --tw-skew-x: 0; --tw-skew-y: 0; --tw-scale-x: 1; --tw-scale-y: 1; --tw-scroll-snap-strictness: proximity; --tw-ring-offset-width: 0px; --tw-ring-offset-color: #fff; --tw-ring-color: rgba(59,130,246,.5); --tw-ring-offset-shadow: 0 0 #0000; --tw-ring-shadow: 0 0 #0000; --tw-shadow: 0 0 #0000; --tw-shadow-colored: 0 0 #0000;\">USA:<\/span>\u00a0<\/strong>Poulter 2, Larson 21, Ogbogu 2, Thompson 18, Plummer 9, Rettke 8 oraz Wong-Orantes (l), Lanier, Hancock, Frantti, Washington 8, Skinner 8.<strong>\u00a0<span style=\"border: 0px solid; --tw-border-spacing-x: 0; --tw-border-spacing-y: 0; --tw-translate-x: 0; --tw-translate-y: 0; --tw-rotate: 0; --tw-skew-x: 0; --tw-skew-y: 0; --tw-scale-x: 1; --tw-scale-y: 1; --tw-scroll-snap-strictness: proximity; --tw-ring-offset-width: 0px; --tw-ring-offset-color: #fff; --tw-ring-color: rgba(59,130,246,.5); --tw-ring-offset-shadow: 0 0 #0000; --tw-ring-shadow: 0 0 #0000; --tw-shadow: 0 0 #0000; --tw-shadow-colored: 0 0 #0000;\">Trener:<\/span><\/strong>\u00a0Karch Kiraly.<\/p><p style=\"font-style: normal; border-style: solid; margin-bottom: 1.25rem; font-size: 1.125rem; line-height: 30px; overflow-wrap: anywhere;\"><span style=\"border: 0px solid; --tw-border-spacing-x: 0; --tw-border-spacing-y: 0; --tw-translate-x: 0; --tw-translate-y: 0; --tw-rotate: 0; --tw-skew-x: 0; --tw-skew-y: 0; --tw-scale-x: 1; --tw-scale-y: 1; --tw-scroll-snap-strictness: proximity; --tw-ring-offset-width: 0px; --tw-ring-offset-color: #fff; --tw-ring-color: rgba(59,130,246,.5); --tw-ring-offset-shadow: 0 0 #0000; --tw-ring-shadow: 0 0 #0000; --tw-shadow: 0 0 #0000; --tw-shadow-colored: 0 0 #0000;\">S\u0119dziowali:<\/span>\u00a0Rene (Argentyna) i Cespedes (Dominikana).<\/p>\t\t\t\t\t\t\t\t<\/div>\n\t\t\t\t<\/div>\n\t\t\t\t\t<\/div>\n\t\t<\/div>\n\t\t\t\t\t<\/div>\n\t\t<\/section>\n\t\t\t\t<\/div>\n\t\t","protected":false},"excerpt":{"rendered":"<p>Niech ten sen trwa! Polki niepokonane w Lidze Narod\u00f3w, lider Siatkarki reprezentacji Polski nie przestaj\u0105 zaskakiwa\u0107. Podopieczne Stefano Lavariniego pokona\u0142y 3:1 (29:27, 25:22, 20:25, 25:23) reprezentacj\u0119 Stan\u00f3w Zjednoczonych, ko\u0144cz\u0105c tym samym drugi turniej tegorocznej Ligi Narod\u00f3w z kompletem zwyci\u0119stw. Polki pozostaj\u0105 dzi\u0119ki temu na fotelu lidera rozgrywek. Foto: Volleyball World Sobotnie spotkanie w wype\u0142nionej po [&hellip;]<\/p>\n","protected":false},"author":1,"featured_media":0,"parent":0,"menu_order":0,"comment_status":"closed","ping_status":"closed","template":"","meta":{"site-sidebar-layout":"no-sidebar","site-content-layout":"page-builder","ast-site-content-layout":"full-width-container","site-content-style":"default","site-sidebar-style":"default","ast-global-header-display":"","ast-banner-title-visibility":"","ast-main-header-display":"","ast-hfb-above-header-display":"","ast-hfb-below-header-display":"","ast-hfb-mobile-header-display":"","site-post-title":"disabled","ast-breadcrumbs-content":"","ast-featured-img":"disabled","footer-sml-layout":"","ast-disable-related-posts":"","theme-transparent-header-meta":"","adv-header-id-meta":"","stick-header-meta":"","header-above-stick-meta":"","header-main-stick-meta":"","header-below-stick-meta":"","astra-migrate-meta-layouts":"set","ast-page-background-enabled":"default","ast-page-background-meta":{"desktop":{"background-color":"","background-image":"","background-repeat":"repeat","background-position":"center center","background-size":"auto","background-attachment":"scroll","background-type":"","background-media":"","overlay-type":"","overlay-color":"","overlay-opacity":"","overlay-gradient":""},"tablet":{"background-color":"","background-image":"","background-repeat":"repeat","background-position":"center center","background-size":"auto","background-attachment":"scroll","background-type":"","background-media":"","overlay-type":"","overlay-color":"","overlay-opacity":"","overlay-gradient":""},"mobile":{"background-color":"","background-image":"","background-repeat":"repeat","background-position":"center center","background-size":"auto","background-attachment":"scroll","background-type":"","background-media":"","overlay-type":"","overlay-color":"","overlay-opacity":"","overlay-gradient":""}},"ast-content-background-meta":{"desktop":{"background-color":"var(--ast-global-color-5)","background-image":"","background-repeat":"repeat","background-position":"center center","background-size":"auto","background-attachment":"scroll","background-type":"","background-media":"","overlay-type":"","overlay-color":"","overlay-opacity":"","overlay-gradient":""},"tablet":{"background-color":"var(--ast-global-color-5)","background-image":"","background-repeat":"repeat","background-position":"center center","background-size":"auto","background-attachment":"scroll","background-type":"","background-media":"","overlay-type":"","overlay-color":"","overlay-opacity":"","overlay-gradient":""},"mobile":{"background-color":"var(--ast-global-color-5)","background-image":"","background-repeat":"repeat","background-position":"center center","background-size":"auto","background-attachment":"scroll","background-type":"","background-media":"","overlay-type":"","overlay-color":"","overlay-opacity":"","overlay-gradient":""}},"footnotes":""},"class_list":["post-1132","page","type-page","status-publish","hentry"],"_links":{"self":[{"href":"https:\/\/www.alicjalesniak.pl\/index.php\/wp-json\/wp\/v2\/pages\/1132","targetHints":{"allow":["GET"]}}],"collection":[{"href":"https:\/\/www.alicjalesniak.pl\/index.php\/wp-json\/wp\/v2\/pages"}],"about":[{"href":"https:\/\/www.alicjalesniak.pl\/index.php\/wp-json\/wp\/v2\/types\/page"}],"author":[{"embeddable":true,"href":"https:\/\/www.alicjalesniak.pl\/index.php\/wp-json\/wp\/v2\/users\/1"}],"replies":[{"embeddable":true,"href":"https:\/\/www.alicjalesniak.pl\/index.php\/wp-json\/wp\/v2\/comments?post=1132"}],"version-history":[{"count":20,"href":"https:\/\/www.alicjalesniak.pl\/index.php\/wp-json\/wp\/v2\/pages\/1132\/revisions"}],"predecessor-version":[{"id":1169,"href":"https:\/\/www.alicjalesniak.pl\/index.php\/wp-json\/wp\/v2\/pages\/1132\/revisions\/1169"}],"wp:attachment":[{"href":"https:\/\/www.alicjalesniak.pl\/index.php\/wp-json\/wp\/v2\/media?parent=1132"}],"curies":[{"name":"wp","href":"https:\/\/api.w.org\/{rel}","templated":true}]}}